 2*i - 10, 2*g = -3*i + 245. Calculate the greatest common divisor of l and g.
23
Let c be 9/6*-1*-174. Let o be 24/56 + (-60)/(-7). What is the greatest common factor of c and o?
9
Let q(k) = -26*k**3 - 4*k**2 - 24*k - 90. Let f be q(-4). Calculate the greatest common divisor of f and 154.
22
Suppose -3*c + c = -336. Suppose 0 = a + 6*a + 91. Let v = a + c. Calculate the greatest common divisor of 62 and v.
31
Let m = -18 + 172. Let o be (m/(-88))/((-1)/76). What is the highest common divisor of o and 19?
19
Let b be (-2)/2 - (-10)/2. Let x = b + 4. Suppose -127*y - 70 = -266 - 58. What is the highest common factor of y and x?
2
Let d = 10448 + -10208. Calculate the highest common divisor of d and 2256.
48
Let f(t) = 39*t + 1718. Let a be f(-44). Calculate the greatest common divisor of 141 and a.
1
Let j = 121 - 118. Suppose 11 + 194 = 5*x + j*v, -5*v = -5*x + 165. Let f be (-1)/(-2) - (-113)/2. Calculate the greatest common factor of x and f.
19
Suppose -4*u - 2*f = -1790, 4*f = -37*u + 42*u - 2192. Calculate the highest common divisor of u and 24.
12
Let u be (-56)/(-4) + -7 - 603. Let j = -372 - u. What is the greatest common factor of 28 and j?
28
Let a(m) = -55*m**3 + m**2 - 3*m - 3. Let x(w) = w**2 - 4*w - 33. Let y be x(-4). Let q be a(y). What is the highest common divisor of q and 40?
8
Let y(k) = -k**3 + 5*k**2 + k + 2. Let u be y(5). Let s be 621/92 + 12/(-16). Calculate the greatest common factor of u and s.
1
Suppose -355 = d - 2*n, 627 = -2*d + 2*n - 87. Let m = -177 - d. What is the highest common divisor of m and 52?
26
Let k = 18 - 5. Let l(o) = -o**3 + 8*o**2 - 5*o - 11. Let c be l(5). Calculate the greatest common factor of k and c.
13
Let l be (-24370)/(-105) - (-46)/(-483). Calculate the greatest common factor of l and 32.
8
Let q = -361 + 368. Let v(t) = -9*t + 2 - t**3 - 8*t**2 + 0 - 1 - 3. Let b be v(-8). Calculate the highest common factor of b and q.
7
Let p(k) = 8*k - 1. Let r be p(2). Let i be (-119 + -16)/(-1 + 0). Suppose 6*a + i = r*a. What is the highest common factor of 120 and a?
15
Let c be 15/(-20) + 2143/20 - (-32)/(-80). Calculate the highest common factor of 5194 and c.
106
Let y be 7 + -3 - (0 - -2). Suppose -2*h + 714 = y*h - 5*g, 3*g + 710 = 4*h. What is the highest common factor of 22 and h?
22
Let q(v) = 33*v + 36*v - v**3 - 2*v**2 - 68*v - 5 - v**2. Let p be q(-4). Suppose -3*a = -5 - p. Calculate the greatest common factor of 32 and a.
4
Let x = -3850 + 3919. Calculate the highest common factor of x and 3013.
23
Let l(a) = a**2 - 9*a + 75. Let s be l(-9). Suppose 8*x = -s + 845. What is the highest common divisor of x and 24?
4
Let c(x) = 86*x + 1226. Let h be c(-14). What is the greatest common divisor of h and 54?
2
Suppose -4*f - 38 = -3*h, 3*h - 8*h - f = -48. Calculate the highest common divisor of h and 1145.
5
Suppose -95*p + 111*p - 40672 = 0. What is the highest common divisor of p and 248?
62
Let x = 79 - 76. Suppose v = -2*k + 15, -5*k + 23 = x*v - 18. Let q = 13 + v. What is the highest common factor of 5 and q?
5
Suppose -1634*a = 785*a - 12649 - 11541. Let m(l) = 334*l**2 + 1. Let n be m(1). Calculate the greatest common divisor of n and a.
5
Let j be -12*(5 - 1507/44). Calculate the greatest common factor of j and 1971.
27
Let b(z) be the first derivative of z**4/4 + 8*z**3/3 + 11*z**2/2 + 36*z + 56. Let a be b(-5). What is the highest common factor of 70 and a?
14
Let p be 29/(-638) + 1281287/154. What is the greatest common factor of 26 and p?
26
Suppose 5*q + a = -75, 3*q + 2*q - 4*a + 50 = 0. Let p be 0 + 5 - (4 - (q + 341)). Calculate the highest common divisor of p and 205.
41
Let g = -681 + 365. Let d = 368 + g. Calculate the highest common factor of d and 104.
52
Let i be 3*10/(-15)*(-29)/(-2). Let d = 14 + i. Let o be (-2)/(-3 - 43/d). What is the highest common factor of 9 and o?
3
Suppose -14*u + 483 = 413. Suppose -418 = -u*b - 2*i, -256 = -3*b + 8*i - 4*i. What is the greatest common factor of 630 and b?
42
Let f be -280*(4/(-10) + 0). Suppose 8*g - 427 + 419 = 0. Let d be -7 + g/(9/315). Calculate the greatest common divisor of d and f.
28
Let y be (-28 - (10 + -38)) + (2 - -28). Let m be 10/(-3)*12/(-2). Calculate the highest common divisor of m and y.
10
Suppose 3032*x - 3086*x + 2646 = 0. Calculate the highest common divisor of x and 9653.
49
Let r(i) = 16*i - 25. Let t be r(2). Let k(g) be the first derivative of 7*g**2 - 18*g - 1. Let v be k(t). What is the greatest common factor of 20 and v?
20
Suppose 18*f - 2787 = 957. What is the greatest common divisor of f and 234?
26
Let p(m) = 47*m**2. Let l be p(-2). Let t be (l/6)/((-2)/(-3)). Let z = 43210 + -42975. Calculate the greatest common divisor of t and z.
47
Let l(v) = -v**3 - 25*v**2 - 144*v - 52. Let a be l(-17). Calculate the greatest common divisor of 72 and a.
12
Suppose s - 3*s - 110 = 0. Let r = s - -65. Suppose -7*n = -525 + 35. Calculate the highest common divisor of r and n.
10
Suppose 423*s - 684560 = 893230. What is the highest common divisor of s and 30?
10
Let g = -15074 + 16315. What is the highest common factor of 3577 and g?
73
Let n(j) = 3*j**2 - 61*j - 314. Let r be n(25). What is the highest common divisor of r and 3324?
12
Suppose -s - 2*n - 14 = 0, -3*s - 17 = -n + 2*n. Let k be (32 - 5 - 1) + s/(-1). Calculate the highest common factor of k and 410.
10
Let i = -3661 + 3677. Calculate the greatest common divisor of 184 and i.
8
Let l(r) = 105*r - 1065. Let c be l(17). Suppose -122 = -4*v + 70. Calculate the greatest common divisor of v and c.
48
Suppose -130 - 32 = -3*x. Let a = 1356 - 1327. Let k = x - a. Calculate the greatest common divisor of 5 and k.
5
Let c be (-1)/(1/(-22)*1). Let w be -935*55/(6875/(-50)). Calculate the greatest common factor of c and w.
22
Let o be (-1540)/16 + 2/8. Let s be (o/3)/(1/(-3)). Let f(y) = -46*y - 17738. Let l be f(-387). Calculate the highest common factor of l and s.
32
Let c be ((-63)/6)/(138/(-184)). Let t(p) = -p**3 + 13*p**2 + 5*p. Let i be t(10). Calculate the highest common factor of c and i.
14
Suppose 34*h = -3*h - 25*h + 16368. Calculate the greatest common divisor of h and 7788.
132
Let q = 814 - 814. Suppose 13*z = -q*z + 156. Let p(b) = 41*b + 2. Let m be p(2). What is the highest common divisor of z and m?
12
Suppose 3*s + 214 = -5*l, 0*l + 368 = -6*s + 2*l. Let j = s + 163. Let z(d) = 2*d**2 - d + 4. Let w be z(-4). What is the highest common divisor of j and w?
20
Let i = 4530 + -3334. Calculate the highest common factor of 46 and i.
46
Let w(y) = -y + 2. Let u be w(-2). Suppose 0*s - f = 4*s - 21, u*f - 4 = 0. Let o(l) = -7*l + 5. Let h be o(-5). What is the greatest common factor of h and s?
5
Let p be 23/((1 - 0) + 0). Let t(s) = -9*s**2 - 1064*s - 75. Let z be t(-118). Calculate the highest common factor of z and p.
23
Let c(p) = 2*p**3 + 5*p**2 - 51*p + 83. Let r be c(5). Calculate the highest common factor of 7 and r.
7
Let k be (1 - 1) + -3 + -1. Let s be k - 42/(-10) - 869/(-55). Calculate the greatest common divisor of 10 and s.
2
Let w = 67 + -94. Let c = w - -36. Suppose 74 = 5*b + c. What is the highest common factor of b and 13?
13
Let o = 1179 + 224. Calculate the highest common divisor of 23 and o.
23
Suppose -15*d - 109 = -2914. Suppose 0 = -5*r + 16*p - 17*p + d, -4*r + 5*p + 138 = 0. Calculate the greatest common divisor of r and 148.
37
Suppose -2*v + 2*s + 48 = 0, 0 = 5*s - 7*s - 12. Calculate the highest common factor of v and 4986.
18
Suppose 42*d - 37*d = 10. Suppose -2*r - 4*u + u = -94, d*r - 74 = 2*u. Suppose -37*i + r*i = 16. Calculate the greatest common factor of i and 44.
4
Let u be ((-725)/(-25) - 36)/(2/(-166)). Calculate the highest common divisor of 747 and u.
83
Let n be -1*2*-1*5/(-10). Let c be -6 - (n - 2) - -25. Let z = 1 - -1. What is the highest common factor of c and z?
2
Suppose -130 = -v - 125, 4*u = 3*v + 33. Suppose -9*i + 0*i + 756 = 0. What is the highest common divisor of i and u?
12
Suppose -3 = 2*p + 1, 3*p = -3*s + 708. What is the highest common factor of s and 2176?
34
Suppose 5*u - 1072 = -3*x, 2*x = 2*u - 7*u + 1068. Let b = -185 + u. Let w be 4/10 + 88/5. Calculate the greatest common factor of w and b.
9
Let b = 220 - 16. Let s(p) = -p**3 - 13*p**2 + p + 34. Let h be s(0)